 90*j + 124 = 91*j. Calculate the highest common factor of 465 and j.
31
Let m(y) = -18*y - 216. Let z be m(-15). Let c(i) = i**2 + 2*i. Let k be c(-5). Let b = -9 + k. Calculate the greatest common divisor of b and z.
6
Suppose 2*d - 7*d - 15 = 0. Let n be 1360/15 + (-1)/d. What is the greatest common factor of 13 and n?
13
Let h be (-12)/(-7)*(7 + 7). What is the greatest common divisor of h and 204?
12
Let q(l) = l**3 + 4*l**2 + 4*l + 3. Let p be q(-2). Let x be (-1)/p + 88/12. What is the greatest common divisor of x and 1?
1
Let n = 834 - 706. Calculate the highest common divisor of n and 416.
32
Suppose -9*v = -12*v + 5*x + 122, -3*v + 138 = 3*x. What is the highest common divisor of v and 165?
11
Let s = -9 + -5. Let w be (-22)/2 - (s - -13). Let u be (-2)/w + 429/55. Calculate the greatest common factor of 4 and u.
4
Let b(s) = 3*s**3 - 6*s**2 + 7*s. Let j be b(3). Let g be (-18)/8*(-8)/3. What is the greatest common divisor of j and g?
6
Let d(s) = s + 2. Let k be d(5). Let p be (-438)/(-21) - (-1)/k. Calculate the highest common factor of 7 and p.
7
Let g be (-1320)/(-280) - 4/(-14). Suppose g*l = -5*n + 3*n + 31, -2*l + 3*n = -20. Calculate the greatest common divisor of l and 126.
7
Suppose 0 = -2*w - u + 17, -5*u = -3*w + 5*w - 37. Suppose -4*a + a + 18 = 0. Calculate the greatest common divisor of a and w.
6
Suppose -2*l + 0*l = 12. Let u be (-27)/(-21) + l/21. Suppose -u = -3*x + 17. What is the greatest common divisor of x and 42?
6
Suppose -7 = z - 15. Let v(k) = 4*k + 32. Let s be v(14). What is the highest common divisor of z and s?
8
Suppose 0 = -4*d - 2*p + 28, 2*p - 6*p = 0. Suppose 3*b - 57 = -4*i, 4*b - 29 = 2*i + 69. Let s = b - d. What is the highest common factor of s and 32?
16
Suppose -2*f + k = -214, 0 = -200*f + 201*f + 2*k - 117. Calculate the highest common factor of 654 and f.
109
Let w = 4 + 4. Let a be (w + 122)*(-2)/(-4). Suppose 5*h = -0*h - 25, 77 = 4*y - 5*h. What is the highest common divisor of a and y?
13
Suppose -214 - 82 = 2*g. Let r = g + 208. Calculate the greatest common divisor of 15 and r.
15
Let h(s) = s**3 + 3*s**2 - 16*s + 6. Let o be h(5). Calculate the greatest common factor of 18 and o.
18
Suppose -16*f = -11*f - 260. What is the greatest common factor of 39 and f?
13
Let o = -139 - -92. Let u = -69 + 61. Let i be o/(-3) + u/12. Calculate the highest common divisor of 3 and i.
3
Let w(r) = -93*r - 455. Let x be w(-5). Calculate the highest common factor of x and 640.
10
Let n be -1*(3 - 0) - -74. Suppose -4*q - 2*k = -536, 4*q + 5*k + n = 613. Let p be (2 - 1)/(3/57). What is the greatest common divisor of q and p?
19
Suppose -2*a + 179 = 5*w, 32*w - 29*w - 5*a = 95. Calculate the highest common factor of 25 and w.
5
Let l(j) = 57*j - 200. Let t be l(5). Suppose -3*z + 136 = z. Calculate the highest common factor of t and z.
17
Suppose 5*a = -4*i + 35, -95 = -5*i - 0*a + 4*a. Let c(q) = -16*q + 8. Let v be c(-7). Calculate the greatest common divisor of v and i.
15
Suppose -l - 80 = 4*j - 7*j, -5*j = -5*l - 150. Calculate the greatest common factor of 1700 and j.
25
Let i = 10 + -56. Let q = i - -145. What is the greatest common divisor of q and 9?
9
Suppose -2*v = -2*m - 640, -8 = 5*m + 17. Let f(i) = i + 28. Let y be f(7). Calculate the highest common factor of v and y.
35
Suppose 46 = 4*s + 14. Let j = s + 44. What is the highest common factor of j and 572?
52
Let g(u) = -u**3 - 3*u - 3. Let c be (-3)/1*(-5 - (-80)/15). Let m be g(c). What is the highest common factor of m and 13?
1
Let m = 685 + -665. Calculate the greatest common factor of m and 670.
10
Let m = -61 + 103. Calculate the greatest common divisor of m and 210.
42
Suppose -3*v - 66 = -4*x, x + v - 73 = -4*x. Suppose -4*y + 15 = y. Calculate the highest common factor of x and y.
3
Suppose -57*m + 55*m + 4*p = -1500, -2*m - 3*p + 1500 = 0. Calculate the highest common factor of 45 and m.
15
Suppose 0*r = -4*r + 936. Let w(k) = -k**3 + 11*k**2 - 19*k + 35. Let v be w(9). What is the greatest common factor of v and r?
26
Let b = -2630 - -2640. Calculate the highest common divisor of 275 and b.
5
Let c be (-20)/(-14)*(46 + -25). Calculate the highest common divisor of c and 42.
6
Suppose -4*q = -3*q. Let k be (q + -2)/((-9)/18). What is the highest common factor of k and 44?
4
Let k(t) = 27*t**3 - 1. Let m be k(1). Suppose -5*w + 68 = 3*r, 3*r + 3 + 59 = 5*w. Calculate the greatest common factor of w and m.
13
Let m = 12 + -20. Let g be 2*(-2)/m*-2. Let q(b) = -100*b**3. Let o be q(g). What is the greatest common divisor of 10 and o?
10
Suppose 3*m - 75 = -2*m. Suppose -23 + 68 = m*g. Calculate the highest common factor of g and 15.
3
Suppose -4*z + 5*g + 17 + 36 = 0, 5*z - 70 = 5*g. What is the greatest common divisor of 3247 and z?
17
Let d be ((-12)/(-10))/(11/(-715)). Let v = 118 + d. What is the greatest common factor of 8 and v?
8
Let c(n) = -5*n - 2. Suppose -4*s - 3*m = 10, -3*s - 6*m - 8 = -4*m. Let p be c(s). Calculate the greatest common factor of p and 252.
18
Let u be 158/13 + (-4)/26. Let l(s) = -s**2 + 10*s + 174. Let k be l(19). Calculate the highest common factor of u and k.
3
Suppose -3*t = 3*h - 1899, -5*h + 4*t + 678 = -2460. What is the highest common divisor of 14 and h?
14
Let y be (-6 + (-65)/(-15))*-18. What is the greatest common factor of y and 105?
15
Suppose -265 = -7*s - 97. Suppose -5*t - 5*j = -t - 58, -25 = -t + 4*j. Let z = 29 - t. What is the greatest common divisor of z and s?
12
Let x = 1026 + -986. Calculate the highest common divisor of 2560 and x.
40
Let v = -6 + -42. Let q = v + 57. What is the highest common factor of 3 and q?
3
Suppose -s - 4*g - 2 = -3*g, -4*g + 1 = s. Let v be 1/(3 - (-6)/s). Suppose 3*r + 18 = j, -5*r - 8 = 4*j + 5. What is the highest common factor of j and v?
1
Let p = 146 + -113. Calculate the highest common divisor of 132 and p.
33
Let x(a) = -a**2 + 20*a - 35. Let n be x(13). Calculate the greatest common factor of 1456 and n.
56
Let y = -1535 - -1544. Calculate the greatest common divisor of 57 and y.
3
Suppose 0 = n - 5, -2*t + 2*n = 3*t. What is the greatest common factor of 2 and t?
2
Let f(o) = -o**3 + 9*o**2 - 6*o. Let d be f(8). Suppose -2*y + u + 9 = 0, -10*y - 7 = -13*y - 5*u. What is the greatest common factor of d and y?
4
Let o be (-24)/10*(-81 + 1). Suppose 2*z = 3*v + 51, -z = -0*z + v - 23. What is the greatest common divisor of o and z?
24
Let l be (3/6)/(-1)*(-2 + 4). Let n be (l/(-2))/(24/768). Calculate the highest common factor of n and 144.
16
Suppose -48*j = -35*j - 144 - 636. Let z(f) = 23*f**2 - 2*f - 1. Let u be z(-1). Calculate the greatest common divisor of j and u.
12
Let l(i) = i**2 - 14*i + 54. Let w be l(10). Suppose -v + 4*s = 2*v - 13, 4*v - 2*s - w = 0. What is the highest common factor of v and 27?
3
Let v(r) = r**2 + 3*r - 4. Suppose 2*c + 3*o - 11 = 0, 5*o = 3*c - 6 - 1. Let y be v(c). Calculate the highest common divisor of y and 8.
8
Suppose -5*v + z = -z - 75, 5*z + 64 = 3*v. Let b = 25 - v. Calculate the highest common factor of 132 and b.
12
Let x(i) = 4*i + 4. Let f = -14 - -17. Let s be x(f). What is the greatest common factor of 16 and s?
16
Suppose 0 = -27*h + 52*h - 12775. What is the highest common divisor of 292 and h?
73
Suppose 11*h + 326 = -15. Let v = h - -69. What is the highest common divisor of 342 and v?
38
Suppose -2*f + 5*l = -515, -6*f = -f + 5*l - 1200. Calculate the highest common factor of f and 35.
35
Let g be (-12 - -7)/(10/(-36)). Calculate the greatest common divisor of 342 and g.
18
Suppose -s = -f - 3*s + 54, 0 = -5*f + 5*s + 195. Let o = f + -8. What is the highest common divisor of o and 324?
36
Let y be 48/(-30) + 103292/70. What is the greatest common factor of y and 268?
134
Suppose -120 = 11*k - 6*k. Let b = -13 - k. Calculate the highest common divisor of 77 and b.
11
Let b(h) = 5*h**2 - 12*h - 3. Let a(z) = z**2 - 2*z - 17. Let j be a(7). Suppose j = 9*i - 6*i. Let y be b(i). What is the highest common divisor of 21 and y?
21
Let q be 30/2 + 4/(-2). Let d(n) = -7 - 6*n - 3*n + 4 + n + 2*n**2. Let r be d(q). Calculate the greatest common divisor of r and 21.
21
Suppose 2*r = 3*u - 99, -5*u + 5*r - 140 = -10*u. Let z = 381 + -226. What is the greatest common divisor of z and u?
31
